02 = 24*a - 238066 + 83628. What is the thousands digit of a?
4
Let f = 11797 + -4999. What is the tens digit of f?
9
Let q = 18 - 249. Let b = 40 - 205. Let f = b - q. What is the tens digit of f?
6
Let b = 613 - 412. Suppose -3*d = -0*d - b. Suppose -83 - d = -6*l. What is the tens digit of l?
2
Let t = 72 - 66. What is the tens digit of 1435/42 + (-1)/t?
3
Suppose -y + 3*c - 71 = 0, -c = 5*y - 145 + 452. Let u = -60 - y. Suppose -h + p + 3*p + 169 = 0, -u*h - 4*p = -386. What is the units digit of h?
5
Suppose 0*z + 5*z = -3*u + 24, 12 = 2*z + 2*u. Suppose l + z*l = 592. Suppose 5*y + 5*r = 205, 3*y - r = r + l. What is the units digit of y?
6
Let n(v) = v**2 + v - 1. Let c(a) = a**3 + 9*a**2 - 8*a - 4. Let u(h) = -c(h) + 2*n(h). Let t be u(-8). What is the units digit of 9/((-72)/t) + 6/(-8)?
1
Let n be (-92)/115*15/(-6). Suppose v + f = 122, -n*v + 6*v = 5*f + 479. What is the units digit of v?
1
Suppose -4*s = -s + 15, s = 5*u - 110. Suppose -6*j - u = -2*j + 3*h, -3*h = -4*j - 51. What is the units digit of -30*(1 + 0)*15/j?
0
Suppose 2*l - 3*h + 3825 = -0*h, 2*h - 9590 = 5*l. Let d = l + 3264. What is the thousands digit of d?
1
Let d be -265 + 0/(-4 - 0). Let t be (d/(-2))/(1/2). Let g = t + -148. What is the units digit of g?
7
Let m(x) = 5*x**2 - 5*x - 1. Suppose 2*b - 2*a = -210, -2*b + 5*a = -3*b - 105. Let i = b + 100. What is the tens digit of m(i)?
4
Let w(q) = -9*q**3 - q**2 - 6*q - 8. Let s = -547 + 542. What is the thousands digit of w(s)?
1
Let x be ((-24)/(-10))/((-2)/10). Let a = 23 + -7. What is the tens digit of (-4)/(a/x) - -103?
0
Let m = -6394 - -10562. What is the units digit of m?
8
What is the thousands digit of 36/(-135)*(-5)/12*132*357?
5
Let w(z) = -16*z**2 - 397*z + 16. What is the hundreds digit of w(-16)?
2
Let k(p) = -3*p**2 - p + 4. Let b be k(2). Let h be (-230)/(-3)*(-12)/b. Suppose -h = -r - 3. What is the units digit of r?
9
Let p(d) = 3*d**3 - 40*d**2 + 77*d. Let r be p(11). Suppose -t = 2*t + 12. What is the tens digit of (2 + r - t)*6?
3
Suppose 4*z - 591 = -87. Let b = z - 96. What is the units digit of (-62)/(-12) + (-5)/b?
5
Suppose -22*p + 5*w = -24*p + 64697, 0 = 2*p + 3*w - 64695. What is the thousands digit of p?
2
Suppose -5*x + 25 = 0, -4*u + 3*x + 785 - 124 = 0. Suppose -4*b - 2*r = -154, 0 = 20*b - 16*b + 5*r - u. What is the units digit of b?
6
Let s be (7 - (-44)/(-6)) + (-278)/(-6). What is the units digit of (s/8)/(20/960)?
6
What is the thousands digit of (-4)/(-22) + 2/(8/((-796864)/(-88)))?
2
Suppose 0*w = 2*w - 2, 3*y - 9 = -3*w. Suppose t - 3*r - 25 = 15, -y*t + 3*r + 68 = 0. What is the tens digit of t?
2
Let y(n) = 1653*n**2 + 135*n - 14. What is the tens digit of y(5)?
8
Let j(c) = 67*c**2 + 3*c + 2. Let o be ((-26)/78)/((-1)/9). Suppose -3*v = -t + 7 + o, -2*t - 12 = 2*v. What is the hundreds digit of j(t)?
2
Let m(t) = -3*t**3 + t**2 - 66*t**3 - 25*t + 5*t + 20 + 32*t. What is the tens digit of m(-2)?
5
Let s(b) = -26*b**3 - 11*b**2 - 121*b - 1146. What is the ten thousands digit of s(-11)?
3
Suppose -2*h + 8265 = -o, o = 3*h - o - 12397. What is the hundreds digit of h?
1
Suppose 5*h + 3*i + 55 = 0, 7*i - 4*i - 25 = 5*h. Let q(n) = -n**3 + 14*n**2 - 43*n - 14. Let j be q(9). What is the hundreds digit of h/(-16) + 658/j?
1
Suppose 10 = 4*f - 38. Let s = 399 - f. Let t = s - 246. What is the hundreds digit of t?
1
Let b = -21 - -25. Suppose 4 = b*x + 188. Let r = x - -99. What is the tens digit of r?
5
Let c = 20360 + -11089. What is the thousands digit of c?
9
Let k = -115 + 138. Suppose -7*j - 2*s + k = -2*j, 0 = 5*j - 4*s + 1. What is the units digit of j?
3
Let w = 1206 - 827. Suppose 2*g + g = -c + w, 6 = 2*g. What is the tens digit of c?
7
Let h(o) = 31*o + 1585. What is the hundreds digit of h(62)?
5
Let z(p) = 21*p - 14. Let v be z(9). What is the hundreds digit of ((-1060)/(-25))/(10/v)?
7
Let y be 3*2/24*4. Let t be 82 + (y - (0 - 0)). Let z = -33 + t. What is the units digit of z?
0
Let u(b) = 12*b - 157. Let m be u(-25). Let x = 759 + m. What is the units digit of x?
2
Suppose -10*h - 24 = -12*h. Suppose -h*a - 141 = -15*a. What is the tens digit of a?
4
Let l = 15576 - 196. What is the thousands digit of l?
5
Let f(m) = -2*m + 23. Let r be f(9). Let c = r + -2. Suppose -c*h - 4*y + 605 = 2*h, -4*h - 3*y + 483 = 0. What is the units digit of h?
7
Suppose 5*g - 4*m + 33 = 122, 5*g - 117 = -3*m. Suppose g*u = -652 + 2857. What is the hundreds digit of u?
1
Let r = 29 - 22. Let b(y) = 4*y**2 - 3*y**2 - r - 1 + 3*y + 3*y. What is the units digit of b(6)?
4
Let d = -3783 + 7577. What is the units digit of d?
4
Suppose -54*t = 59*t - 712691. What is the thousands digit of t?
6
Suppose 0 = -87*w - 278159 + 996518. What is the tens digit of w?
5
Let l(k) be the first derivative of 32*k - 19 + 5/2*k**2 + 2/3*k**3. What is the units digit of l(8)?
0
Suppose -14*q + 5*q + 72 = 0. Let x(z) = 8*z**2 - 32*z - 12. What is the units digit of x(q)?
4
Suppose -x + 76201 = 3*h, 3*x + 16465 - 67261 = -2*h. What is the units digit of h?
1
Suppose -1330*j = -1329*j + 511. Let k = j + 1428. What is the units digit of k?
7
Suppose 3*w - j + 13 = 0, -4*w + 9*w = 5*j - 35. Let d be (1*-274)/(4 + w - 3). Let q = d + -59. What is the tens digit of q?
7
Let o(k) = -6*k**2 + 3 + 11*k - 11 + 2*k**3 - k**3. Let y be o(4). Suppose -y*f = -190 - 150. What is the tens digit of f?
8
What is the tens digit of (646/51)/(-1 + 6780/6777)?
1
Suppose 0*s = s + 2. Suppose k + k = 3*t + 210, 0 = -5*t + 10. What is the tens digit of (3159/k)/(s/16*-3)?
7
Let n = 119 - 104. Suppose -n*d + 8120 = -d. What is the units digit of d?
0
Let d = -82 + 92. What is the tens digit of (-5 + 36/8)*-89*d?
4
Suppose 786*v - 250250 = 760*v. What is the tens digit of v?
2
Suppose 14*v = 2*v - 63*v + 1004325. What is the hundreds digit of v?
3
Suppose -17*j = -21*j + 4*s + 164896, 4*s + 123677 = 3*j. What is the thousands digit of j?
1
Suppose 6*o + 428220 = 183*o + 6*o. What is the hundreds digit of o?
3
Suppose -3*g + 7*k + 40716 = 0, 0 = 4*g + g + 2*k - 67860. What is the thousands digit of g?
3
Let u = -33 + 35. Let m(x) = 3*x**2 + 4*x**u - 2*x + 5*x + 3 + 4*x. What is the tens digit of m(-2)?
1
Let d = 51443 + -27640. What is the thousands digit of d?
3
What is the thousands digit of 10572/3 - (-1 - -8)?
3
Let t(n) = -229*n**3 - 6*n**2 - 17*n + 19. What is the hundreds digit of t(-4)?
6
Let p(w) = -10*w - 5. Let c be p(-5). Let n = c + -9. Let t = n - -39. What is the tens digit of t?
7
Let l(s) = -s**3 + 8*s**2 + 11*s + 8. Let y be l(9). Let a = 26 - y. Suppose v + 4*o - 72 = -a*v, -v + 81 = o. What is the units digit of v?
4
Suppose -1108 + 950 = -2*m. Let v = m - -362. What is the units digit of v?
1
Let b(o) = o**3 - o**2 - 2*o - 2. Let c(u) = 3*u**3 + 2*u**2 + 4*u + 25. Let z(v) = 4*b(v) + c(v). What is the units digit of z(2)?
7
Suppose 5*h - 5 = 5. Suppose 5*d - 4*d = 4*s - 38, -2*d + 14 = h*s. What is the tens digit of -3*(24/s*-3 - -1)?
2
Let j(f) = 4*f**2 - 25*f - 16. Let o be j(7). Suppose -12 = -11*q + 7*q. Suppose 60 = u + q*l + 2*l, -o*u = 4*l - 321. What is the units digit of u?
5
Let u(v) = 12*v**2 - 13*v - 346. What is the thousands digit of u(24)?
6
What is the hundreds digit of 12510 - ((-4)/(-18) - (-90)/324)*-2?
5
Suppose -4*s = -u - 6*s - 19, 0 = -5*s - 10. What is the units digit of (-42)/(-10)*((-250)/u)/5?
4
Suppose 27*a + 3*h + 58796 = 31*a, 3*a - 44118 = -3*h. What is the hundreds digit of a?
7
Suppose 3*j - 15485 + 2132 = 0. Suppose 2613 = 3*m - 5*q, -4*m - 967 = 4*q - j. What is the hundreds digit of m?
8
Let y(f) = 67*f**3 + 4*f**2 + 12*f - 115. What is the tens digit of y(5)?
2
Let n(r) = 4*r**3 - 9*r**2 + 27*r - 42. Let d be n(10). Suppose 5*z - l - 4160 = -4*l, -2*l + d = 4*z. What is the hundreds digit of z?
8
Let p(b) = b**3 + 2*b**2 - 7*b + 9. Let m be p(-4). Suppose f - 125 = -4*j + 237, m*j + 344 = f. What is the tens digit of f?
5
Suppose 114 = -22*x + 3*x. What is the hundreds digit of 4/x + 2879/3?
9
Suppose -264*q = -259*q + 2*k - 16919, -2*q + k = -6773. What is the units digit of q?
5
What is the units digit of -4 + (-10 - -5175) + -17?
4
Suppose 9*v = -2*i + 12*v - 5, 3*v - 25 = -2*i. What is the hundreds digit of (-8028 + -7)*((-3)/i)/3?
6
Let m(a) = 186*a - 40. Let q b